2119658.
2, 431, 2459
List the prime factors of 174564.
2, 3, 13, 373
List the prime factors of 4178409.
3, 1392803
What are the prime factors of 7410743?
7410743
List the prime factors of 2686937.
11, 29, 8423
List the prime factors of 1545826.
2, 772913
List the prime factors of 123214.
2, 7, 13, 677
What are the prime factors of 8005677?
3, 2668559
What are the prime factors of 2474720?
2, 5, 15467
What are the prime factors of 776449?
776449
List the prime factors of 33761795.
5, 53, 127403
List the prime factors of 7623387.
3, 847043
What are the prime factors of 7389674?
2, 1321, 2797
List the prime factors of 8012054.
2, 37, 108271
What are the prime factors of 289949?
11, 43, 613
List the prime factors of 12167202.
2, 3, 73, 27779
List the prime factors of 2409267.
3, 7, 47, 2441
What are the prime factors of 1318548?
2, 3, 7, 11, 1427
List the prime factors of 11214886.
2, 5607443
What are the prime factors of 1920830?
2, 5, 17, 11299
What are the prime factors of 954782?
2, 569, 839
List the prime factors of 148295.
5, 7, 19, 223
What are the prime factors of 1618339?
179, 9041
List the prime factors of 1562344.
2, 7, 23, 1213
What are the prime factors of 439297?
17, 25841
List the prime factors of 6493484.
2, 79, 20549
List the prime factors of 8828964.
2, 3, 23, 10663
What are the prime factors of 179320?
2, 5, 4483
What are the prime factors of 42357680?
2, 5, 529471
List the prime factors of 1805766.
2, 3, 300961
What are the prime factors of 866827?
13, 131, 509
What are the prime factors of 2385955?
5, 11, 13, 47, 71
List the prime factors of 462471.
3, 154157
What are the prime factors of 21342352?
2, 199, 6703
List the prime factors of 245404.
2, 19, 3229
What are the prime factors of 117086?
2, 58543
What are the prime factors of 16775072?
2, 524221
What are the prime factors of 3816542?
2, 281, 6791
What are the prime factors of 4592872?
2, 574109
What are the prime factors of 817617?
3, 272539
List the prime factors of 2432040.
2, 3, 5, 13, 1559
What are the prime factors of 52638?
2, 3, 31, 283
What are the prime factors of 4149136?
2, 259321
What are the prime factors of 120705?
3, 5, 13, 619
List the prime factors of 961062.
2, 3, 31, 5167
What are the prime factors of 136397?
136397
List the prime factors of 22585785.
3, 5, 331, 4549
What are the prime factors of 8611793?
8611793
List the prime factors of 24442076.
2, 6110519
What are the prime factors of 39202275?
3, 5, 7, 89, 839
List the prime factors of 8685826.
2, 4342913
List the prime factors of 4003840.
2, 5, 17, 23
List the prime factors of 47100.
2, 3, 5, 157
What are the prime factors of 295932?
2, 3, 7, 13, 271
What are the prime factors of 154647?
3, 17183
What are the prime factors of 76160?
2, 5, 7, 17
List the prime factors of 7368570.
2, 3, 5, 11, 827
What are the prime factors of 23389288?
2, 13, 224897
List the prime factors of 22254869.
7, 13, 23, 31
What are the prime factors of 274216?
2, 151, 227
What are the prime factors of 2921853?
3, 11, 37, 2393
What are the prime factors of 2475232?
2, 77351
What are the prime factors of 130134?
2, 3, 23, 41
List the prime factors of 418630.
2, 5, 41863
What are the prime factors of 8455338?
2, 3, 113, 4157
What are the prime factors of 3265781?
67, 79, 617
What are the prime factors of 1061616?
2, 3, 17, 1301
What are the prime factors of 7234451?
7, 1033493
What are the prime factors of 836014?
2, 418007
List the prime factors of 2751742.
2, 7, 43, 653
What are the prime factors of 14179733?
14179733
List the prime factors of 167626.
2, 83813
What are the prime factors of 10482924?
2, 3, 167, 5231
List the prime factors of 1668557.
11, 151687
List the prime factors of 16736192.
2, 11, 23773
What are the prime factors of 592093?
17, 29, 1201
List the prime factors of 25509974.
2, 7, 101, 18041
What are the prime factors of 92487?
3, 30829
List the prime factors of 3179325.
3, 5, 42391
What are the prime factors of 3678683?
3678683
What are the prime factors of 6929091?
3, 13, 19, 1039
List the prime factors of 380192.
2, 109
List the prime factors of 543667.
107, 5081
What are the prime factors of 1162372?
2, 290593
What are the prime factors of 1919396?
2, 23, 31, 673
List the prime factors of 710445.
3, 5, 47363
What are the prime factors of 222716?
2, 13, 4283
What are the prime factors of 303634?
2, 151817
What are the prime factors of 5415331?
1453, 3727
What are the prime factors of 133637?
7, 17, 1123
What are the prime factors of 366286?
2, 373, 491
List the prime factors of 2905146.
2, 3, 79, 227
What are the prime factors of 5271?
3, 7, 251
What are the prime factors of 4560535?
5, 7, 229, 569
List the prime factors of 5403202.
2, 7, 385943
List the prime factors of 2265279.
3, 103, 7331
List the prime factors of 31039715.
5, 7, 29, 53, 577
What are the prime factors of 51401?
7, 1049
What are the prime factors of 4955837?
1297, 3821
What are the prime factors of 42924773?
37, 1160129
List the prime factors of 296729.
296729
List the prime factors of 539567.
7, 77081
List the prime factors of 162569.
11, 14779
List the prime factors of 11777029.
11, 541, 1979
List the prime factors of 19160140.
2, 5, 958007
List the prime factors of 1354685.
5, 270937
What are the prime factors of 27052?
2, 6763
What are the prime factors of 1233494?
2, 677, 911
What are the prime factors of 1732030?
2, 5, 379, 457
What are the prime factors of 398073?
3, 13, 59, 173
List the prime factors of 1904966.
2, 7, 136069
What are the prime factors of 4196893?
4196893
What are the prime factors of 2557179?
3, 284131
What are the prime factors of 25369?
23, 1103
What are the prime factors of 7595195?
5, 1519039
What are the prime factors of 48749?
29, 41
What are the prime factors of 4887468?
2, 3, 127, 1069
List the prime factors of 13645272.
2, 3, 509, 1117
What are the prime factors of 2818604?
2, 23, 30637
What are the prime factors of 260089?
260089
List the prime factors of 1156008.
2, 3, 7, 983
List the prime factors of 3693431.
7, 527633
List the prime factors of 1036133.
7, 17, 8707
List the prime factors of 138792.
2, 3, 5783
List the prime factors of 2654503.
2654503
List the prime factors of 1049938.
2, 524969
List the prime factors of 1552298.
2, 11, 37, 1907
What are the prime factors of 6451472?
2, 31, 13007
What are the prime factors of 1061016?
2, 3, 11, 4019
What are the prime factors of 672357?
3, 7, 101, 317
List the prime factors of 14175170.
2, 5, 491, 2887
List the prime factors of 3385870.
2, 5, 37, 9151
What are the prime factors of 285749?
285749
List the prime factors of 1039457.
743, 1399
What are the prime factors of 9141087?
3, 17, 151, 1187
List the prime factors of 1653784.
2, 11, 18793
What are the prime factors of 1441779?
3, 31, 37, 419
List the prime factors of 5819874.
2, 3, 23, 181, 233
List the prime factors of 464277.
3, 11, 1279
What are the prime factors of 1662356?
2, 73, 5693
What are the prime factors of 1277007?
3, 151, 2819
List the prime factors of 13189916.
2, 3297479
List the prime factors of 1826263.
41, 44543
List the prime factors of 1074850.
2, 5, 7, 37, 83
List the prime factors of 98804.
2, 17, 1453
What are the prime factors of 1709090?
2, 5, 277, 617
List the prime factors of 1861409.
11, 169219
List the prime factors of 1162304.
2, 11, 13, 127
What are the prime factors of 838701?
3, 31063
List the prime factors of 3392519.
13, 163, 1601
What are the prime factors of 2527749?
3, 7, 40123
List the prime factors of 421999.
479, 881
List the prime factors of 296280.
2, 3, 5, 823
List the prime factors of 14720971.
14720971
What are the prime factors of 12697298?
2, 43, 191, 773
List the prime factors of 72662.
2, 47, 773
List the prime factors of 200153.
200153
What are the prime factors of 104048?
2, 7, 929
What are the prime factors of 10210988?
2, 23, 110989
List the prime factors of 1026105.
3, 5, 67, 1021
List the prime factors of 4052642.
2, 11, 184211
What are the prime factors of 11830692?
2, 3, 19, 2731
List the prime factors of 1106837.
1106837
What are the prime factors of 971210?
2, 5, 17, 29, 197
List the prime factors of 9006841.
331, 27211
List the prime factors of 2461774.
2, 7, 101, 1741
What are the prime factors of 809818?
2, 19, 101, 211
Wha